{"id":77,"date":"2017-08-20T13:25:06","date_gmt":"2017-08-20T13:25:06","guid":{"rendered":"http:\/\/new.mireille-belle.org\/?page_id=77"},"modified":"2021-07-15T20:43:40","modified_gmt":"2021-07-15T20:43:40","slug":"latelier","status":"publish","type":"page","link":"https:\/\/new.mireille-belle.org\/","title":{"rendered":"l&rsquo;Atelier"},"content":{"rendered":"<p><em>L&rsquo;Atelier est un lieu magique et hors du temps.<br>\nJe vous y accueille avec plaisir<br>\nsur rendez-vous ( 06 82 18 83 89 ou par mail ).<br>\nD\u00e8s l&rsquo;entr\u00e9e dans le jardin, les sculptures monumentales vous surprendront.<\/em><\/p>\n<p><em>C&rsquo;est donc au 20 rue de Savoie \u00e0 Belley, que je vous invite pour un \u00ab\u00a0Temps Suspendu\u00a0\u00bb, dans un cadre bucolique, <\/em><em>au c\u0153ur de mon univers artistique.<\/em><br>\n<em>A D\u00e9guster seul, en amoureux ou en famille, un moment de rencontre et d&rsquo;\u00e9change, simplement<\/em>, sur le Fil du Vivant&#8230;<\/p>\n\n\n<div class=\"wp-block-image\"><figure class=\"aligncenter size-large\"><img loading=\"lazy\" decoding=\"async\" width=\"975\" height=\"650\" src=\"https:\/\/new.mireille-belle.org\/wp-content\/uploads\/2021\/07\/atelier.jpg\" alt=\"L'Atelier de Mireille Belle\" class=\"wp-image-624\" srcset=\"https:\/\/new.mireille-belle.org\/wp-content\/uploads\/2021\/07\/atelier.jpg 975w, https:\/\/new.mireille-belle.org\/wp-content\/uploads\/2021\/07\/atelier-350x233.jpg 350w, https:\/\/new.mireille-belle.org\/wp-content\/uploads\/2021\/07\/atelier-768x512.jpg 768w\" sizes=\"auto, (max-width: 975px) 100vw, 975px\" \/><figcaption>L&rsquo;Atelier de Mireille Belle<\/figcaption><\/figure><\/div>\n\n\n\n<div class=\"wp-block-image\"><figure class=\"aligncenter size-large\"><img loading=\"lazy\" decoding=\"async\" width=\"867\" height=\"650\" src=\"https:\/\/new.mireille-belle.org\/wp-content\/uploads\/2021\/07\/traversee.mireille.belle_.jpg\" alt=\"L'Atelier\" class=\"wp-image-626\" srcset=\"https:\/\/new.mireille-belle.org\/wp-content\/uploads\/2021\/07\/traversee.mireille.belle_.jpg 867w, https:\/\/new.mireille-belle.org\/wp-content\/uploads\/2021\/07\/traversee.mireille.belle_-350x262.jpg 350w, https:\/\/new.mireille-belle.org\/wp-content\/uploads\/2021\/07\/traversee.mireille.belle_-768x576.jpg 768w\" sizes=\"auto, (max-width: 867px) 100vw, 867px\" \/><figcaption>L&rsquo;Atelier <\/figcaption><\/figure><\/div>\n\n\n\n<div class=\"wp-block-image\"><figure class=\"aligncenter size-large\"><img loading=\"lazy\" decoding=\"async\" width=\"1000\" height=\"667\" src=\"https:\/\/new.mireille-belle.org\/wp-content\/uploads\/2021\/07\/jardin-atelier.jpg\" alt=\"Jardin de l'Atelier\" class=\"wp-image-629\" srcset=\"https:\/\/new.mireille-belle.org\/wp-content\/uploads\/2021\/07\/jardin-atelier.jpg 1000w, https:\/\/new.mireille-belle.org\/wp-content\/uploads\/2021\/07\/jardin-atelier-350x233.jpg 350w, https:\/\/new.mireille-belle.org\/wp-content\/uploads\/2021\/07\/jardin-atelier-768x512.jpg 768w\" sizes=\"auto, (max-width: 1000px) 100vw, 1000px\" \/><figcaption>Jardin de l&rsquo;Atelier<\/figcaption><\/figure><\/div>\n","protected":false},"excerpt":{"rendered":"<p>L&rsquo;Atelier est un lieu magique et hors du temps. Je vous y accueille avec plaisir sur rendez-vous ( 06 82 18 83 89 ou par mail ). D\u00e8s l&rsquo;entr\u00e9e dans le jardin, les sculptures monumentales vous surprendront. C&rsquo;est donc au 20 rue de Savoie \u00e0 Belley, que je vous invite pour un \u00ab\u00a0Temps Suspendu\u00a0\u00bb, dans &hellip; <a href=\"https:\/\/new.mireille-belle.org\/\" class=\"more-link\">Continuer la lecture de <span class=\"screen-reader-text\">l&rsquo;Atelier<\/span>  <span class=\"meta-nav\">&rarr;<\/span><\/a><\/p>\n","protected":false},"author":2,"featured_media":0,"parent":0,"menu_order":0,"comment_status":"closed","ping_status":"closed","template":"","meta":{"footnotes":""},"class_list":["post-77","page","type-page","status-publish","hentry"],"_links":{"self":[{"href":"https:\/\/new.mireille-belle.org\/index.php?rest_route=\/wp\/v2\/pages\/77","targetHints":{"allow":["GET"]}}],"collection":[{"href":"https:\/\/new.mireille-belle.org\/index.php?rest_route=\/wp\/v2\/pages"}],"about":[{"href":"https:\/\/new.mireille-belle.org\/index.php?rest_route=\/wp\/v2\/types\/page"}],"author":[{"embeddable":true,"href":"https:\/\/new.mireille-belle.org\/index.php?rest_route=\/wp\/v2\/users\/2"}],"replies":[{"embeddable":true,"href":"https:\/\/new.mireille-belle.org\/index.php?rest_route=%2Fwp%2Fv2%2Fcomments&post=77"}],"version-history":[{"count":9,"href":"https:\/\/new.mireille-belle.org\/index.php?rest_route=\/wp\/v2\/pages\/77\/revisions"}],"predecessor-version":[{"id":631,"href":"https:\/\/new.mireille-belle.org\/index.php?rest_route=\/wp\/v2\/pages\/77\/revisions\/631"}],"wp:attachment":[{"href":"https:\/\/new.mireille-belle.org\/index.php?rest_route=%2Fwp%2Fv2%2Fmedia&parent=77"}],"curies":[{"name":"wp","href":"https:\/\/api.w.org\/{rel}","templated":true}]}}